{"id":74,"date":"2015-05-25T23:31:28","date_gmt":"2015-05-25T21:31:28","guid":{"rendered":"http:\/\/berglaufkunst.at\/?page_id=74"},"modified":"2024-07-16T13:16:05","modified_gmt":"2024-07-16T11:16:05","slug":"biografie","status":"publish","type":"page","link":"http:\/\/www.berglaufkunst.at\/?page_id=74","title":{"rendered":"Biografie"},"content":{"rendered":"\n<div class=\"wp-block-media-text is-stacked-on-mobile\"><figure class=\"wp-block-media-text__media\"><img loading=\"lazy\" decoding=\"async\" width=\"796\" height=\"1024\" src=\"http:\/\/www.berglaufkunst.at\/wp-content\/uploads\/2024\/07\/Rudi2022-796x1024.jpg\" alt=\"\" class=\"wp-image-302 size-full\" srcset=\"http:\/\/www.berglaufkunst.at\/wp-content\/uploads\/2024\/07\/Rudi2022-796x1024.jpg 796w, http:\/\/www.berglaufkunst.at\/wp-content\/uploads\/2024\/07\/Rudi2022-233x300.jpg 233w, http:\/\/www.berglaufkunst.at\/wp-content\/uploads\/2024\/07\/Rudi2022-768x987.jpg 768w, http:\/\/www.berglaufkunst.at\/wp-content\/uploads\/2024\/07\/Rudi2022-900x1157.jpg 900w, http:\/\/www.berglaufkunst.at\/wp-content\/uploads\/2024\/07\/Rudi2022.jpg 1008w\" sizes=\"(max-width: 796px) 100vw, 796px\" \/><\/figure><div class=\"wp-block-media-text__content\">\n<p>Geboren 1956 in Schallendorf, Burgenland. Nach dem Besuch der Hauptschule St. Michael und der HTL Pinkafeld Studium der Verfahrenstechnik\/Chemieanlagenbau an der Technischen Universit\u00e4t Graz. Bis 2017 P\u00e4dagoge an der HTL Pinkafeld, zuletzt Abteilungsvorstand f\u00fcr Geb\u00e4udetechnik. Seit 2020 Studium der Erdwissenschaften in Wien.<\/p>\n<\/div><\/div>\n\n\n\n<p>Seit 1977 literarisch t\u00e4tig. Mitglied der Grazer Autorinnen Autorenversammlung.<br>Diverse Preise und Auszeichnungen, u. a. Literaturstipendium des Landes Burgenland 1978 und 2001, Gro\u00dfer \u00d6sterreichischer Jugendpreis, BEWAG Literaturpreis, F\u00f6rderpreis der Swarz-Stiftung 2022.<\/p>\n\n\n\n<p>Mitarbeit an verschiedenen literarischen Projekten u. a. Tondiashow mit Reinhard Petz \u201eIn meinem Schatten schlief die Zeit\u201c und \u201eHeimat \u2013 das Fenster zur inneren Landschaft\u201c,<br>\u201efl\u00fcssig \u2013 dialog mit der lafnitz\u201c, Texte zum Musikprojekt von Hubert Salmhofer, und<br>\u201eK\u00fcnstliche Intelligenz und Lyrik\u201c, ein Schulkulturprojekt, gemeinsam mit Petra Ganglbauer, 2019. B\u00fccher mit Fotobeitr\u00e4gen von Reinhard Petz und Kurt Pieber und Grafik von Karl Gutmann.<\/p>\n\n\n\n<p>Lyrik, Prosa, Kurzgeschichten und H\u00f6rspiele wurden im ORF, in Literaturzeitschriften (das pult, Wortm\u00fchle, Sterz) und in Anthologien (u. a. \u201ePannonien\u201c, Reihe \u201eEuropa erlesen\u201c, Wieser Verlag, Klagenfurt 2008) ver\u00f6ffentlicht. Zuletzt erschien das Buch \u201eLafnitz &#8211; Grenzfluss mit Geschichte und Geschichten\u201c im Verlag edition lex liszt 12.<\/p>\n","protected":false},"excerpt":{"rendered":"<p>Geboren 1956 in Schallendorf, Burgenland. Nach dem Besuch der Hauptschule St. Michael und der HTL Pinkafeld Studium der Verfahrenstechnik\/Chemieanlagenbau an der Technischen Universit\u00e4t Graz. Bis 2017 P\u00e4dagoge an der HTL Pinkafeld, zuletzt Abteilungsvorstand f\u00fcr Geb\u00e4udetechnik. Seit 2020 Studium der Erdwissenschaften in Wien. Seit 1977 literarisch t\u00e4tig. Mitglied der Grazer Autorinnen Autorenversammlung.Diverse Preise und Auszeichnungen, u. [&hellip;]<\/p>\n","protected":false},"author":1,"featured_media":56,"parent":43,"menu_order":0,"comment_status":"closed","ping_status":"closed","template":"","meta":{"_mc_calendar":[],"footnotes":""},"class_list":["post-74","page","type-page","status-publish","has-post-thumbnail","hentry"],"_links":{"self":[{"href":"http:\/\/www.berglaufkunst.at\/index.php?rest_route=\/wp\/v2\/pages\/74"}],"collection":[{"href":"http:\/\/www.berglaufkunst.at\/index.php?rest_route=\/wp\/v2\/pages"}],"about":[{"href":"http:\/\/www.berglaufkunst.at\/index.php?rest_route=\/wp\/v2\/types\/page"}],"author":[{"embeddable":true,"href":"http:\/\/www.berglaufkunst.at\/index.php?rest_route=\/wp\/v2\/users\/1"}],"replies":[{"embeddable":true,"href":"http:\/\/www.berglaufkunst.at\/index.php?rest_route=%2Fwp%2Fv2%2Fcomments&post=74"}],"version-history":[{"count":6,"href":"http:\/\/www.berglaufkunst.at\/index.php?rest_route=\/wp\/v2\/pages\/74\/revisions"}],"predecessor-version":[{"id":304,"href":"http:\/\/www.berglaufkunst.at\/index.php?rest_route=\/wp\/v2\/pages\/74\/revisions\/304"}],"up":[{"embeddable":true,"href":"http:\/\/www.berglaufkunst.at\/index.php?rest_route=\/wp\/v2\/pages\/43"}],"wp:featuredmedia":[{"embeddable":true,"href":"http:\/\/www.berglaufkunst.at\/index.php?rest_route=\/wp\/v2\/media\/56"}],"wp:attachment":[{"href":"http:\/\/www.berglaufkunst.at\/index.php?rest_route=%2Fwp%2Fv2%2Fmedia&parent=74"}],"curies":[{"name":"wp","href":"https:\/\/api.w.org\/{rel}","templated":true}]}}

<div class="wp-block-media-text is-stacked-on-mobile"><figure class="wp-block-media-text__media"><img loading="lazy" decoding="async" width="796" height="1024" src="http://www.berglaufkunst.at/wp-content/uploads/2024/07/Rudi2022-796x1024.jpg" alt="" class="wp-image-302 size-full" srcset="http://www.berglaufkunst.at/wp-content/uploads/2024/07/Rudi2022-796x1024.jpg 796w, http://www.berglaufkunst.at/wp-content/uploads/2024/07/Rudi2022-233x300.jpg 233w, http://www.berglaufkunst.at/wp-content/uploads/2024/07/Rudi2022-768x987.jpg 768w, http://www.berglaufkunst.at/wp-content/uploads/2024/07/Rudi2022-900x1157.jpg 900w, http://www.berglaufkunst.at/wp-content/uploads/2024/07/Rudi2022.jpg 1008w" sizes="(max-width: 796px) 100vw, 796px" /></figure><div class="wp-block-media-text__content">
<p>Geboren 1956 in Schallendorf, Burgenland. Nach dem Besuch der Hauptschule St. Michael und der HTL Pinkafeld Studium der Verfahrenstechnik/Chemieanlagenbau an der Technischen Universität Graz. Bis 2017 Pädagoge an der HTL Pinkafeld, zuletzt Abteilungsvorstand für Gebäudetechnik. Seit 2020 Studium der Erdwissenschaften in Wien.</p>
</div></div>



<p>Seit 1977 literarisch tätig. Mitglied der Grazer Autorinnen Autorenversammlung.<br>Diverse Preise und Auszeichnungen, u. a. Literaturstipendium des Landes Burgenland 1978 und 2001, Großer Österreichischer Jugendpreis, BEWAG Literaturpreis, Förderpreis der Swarz-Stiftung 2022.</p>



<p>Mitarbeit an verschiedenen literarischen Projekten u. a. Tondiashow mit Reinhard Petz „In meinem Schatten schlief die Zeit“ und „Heimat – das Fenster zur inneren Landschaft“,<br>„flüssig – dialog mit der lafnitz“, Texte zum Musikprojekt von Hubert Salmhofer, und<br>„Künstliche Intelligenz und Lyrik“, ein Schulkulturprojekt, gemeinsam mit Petra Ganglbauer, 2019. Bücher mit Fotobeiträgen von Reinhard Petz und Kurt Pieber und Grafik von Karl Gutmann.</p>



<p>Lyrik, Prosa, Kurzgeschichten und Hörspiele wurden im ORF, in Literaturzeitschriften (das pult, Wortmühle, Sterz) und in Anthologien (u. a. „Pannonien“, Reihe „Europa erlesen“, Wieser Verlag, Klagenfurt 2008) veröffentlicht. Zuletzt erschien das Buch „Lafnitz &#8211; Grenzfluss mit Geschichte und Geschichten“ im Verlag edition lex liszt 12.</p>

<p>Geboren 1956 in Schallendorf, Burgenland. Nach dem Besuch der Hauptschule St. Michael und der HTL Pinkafeld Studium der Verfahrenstechnik/Chemieanlagenbau an der Technischen Universität Graz. Bis 2017 Pädagoge an der HTL Pinkafeld, zuletzt Abteilungsvorstand für Gebäudetechnik. Seit 2020 Studium der Erdwissenschaften in Wien. Seit 1977 literarisch tätig. Mitglied der Grazer Autorinnen Autorenversammlung.Diverse Preise und Auszeichnungen, u. [&hellip;]</p>
